+ 2. Let d = -50 - -53. Suppose -h - 4*h = -d*k - 4, 3*h = -5*k - 52. Let p be s(k). Give m(p).
-8
Let a(l) = l**2 - 9*l + 1. Let x(c) = 2*c + 1. Suppose -3*q + 175 - 172 = 0. Let b(n) = q*a(n) + 5*x(n). Calculate b(0).
6
Let d(j) = -4*j + 3. Let x(k) = -2*k**2 - 24*k + 23. Let s be -10 - (-3 + (-1 - -3)). Let l be ((-78)/s)/(16/(-24)). Let v be x(l). Determine d(v).
15
Let m(r) = -16*r**2 - 29*r - 45. Let q(v) = 3*v**2 + 6*v + 9. Let n(z) = 2*m(z) + 11*q(z). Let l = 577 + -583. Calculate n(l).
-3
Suppose 3*y = -3*o - 6, 3*o + 5*y = 38 - 36. Let a(k) = k**3 + 8*k**2 + 9*k + 3. Give a(o).
21
Let b(r) = -r**3 - 7*r**2 - 3*r - 4. Let h be 165/22*(-28)/(-5). Let y = 35 - h. What is b(y)?
17
Let k be (0 - 2) + (-8)/((-16)/42). Let j(t) = t**2 - k + 2 + 4*t + 18. Give j(-4).
1
Let z(h) be the first derivative of 6*h - 5/3*h**3 - 2*h**2 + 1/4*h**4 - 138. What is z(5)?
-14
Let g(n) = -n**2 - 17*n + 2. Let f be g(-15). Suppose -f = -5*h - 2. Let i(l) = l**3 - 6*l**2 + 3. Calculate i(h).
3
Let g(d) be the second derivative of d**3/6 - 16*d**2 + 552*d - 6. Calculate g(33).
1
Let a(k) = 11*k - 95. Let m be a(8). Let w be 2/(m/(-28) - 0). Let s(t) = -t**3 + 9*t**2 - 4*t - 8. Determine s(w).
24
Let n(h) be the second derivative of -h**3/6 + h**2/2 - 609*h. What is n(-18)?
19
Let z(i) = -6*i + 12. Let d(u) = -7*u + 12. Let r = -2 + -3. Let o(p) = -14*p - 624. Let s be o(-45). Let a(w) = r*d(w) + s*z(w). Calculate a(5).
7
Let o(k) = k**3 + 5*k**2 - 7*k + 1. Let b(y) = -2*y**3 - 9*y**2 + 13*y - 1. Let l(q) = 3*b(q) + 5*o(q). Let s = -551 + 548. Calculate l(s).
-1
Let r be (-2 - -1)*(-2 + 6). Let s(z) = -2*z**2 - 4*z - 34. Let n(i) = -2*i**2 - 4*i - 23. Let h(g) = 3*n(g) - 2*s(g). Give h(r).
-17
Suppose 60 = 13776*i - 13755*i - 3. Let u(k) be the second derivative of 1/12*k**4 - 16*k + 0 + 1/20*k**5 + 1/6*k**i - k**2. Determine u(-2).
-8
Let s(d) be the second derivative of 0*d**2 + 0 - d - 10/3*d**3. Suppose 4*b + b + 15 = 4*h, 4*h = -2*b + 22. Calculate s(b).
-20
Let p(a) = a**2 - 30*a - 502. Let q be p(-12). Let c(f) = 4*f**3 - 2*f**2 - f. What is c(q)?
22
Let t(a) = 4*a**2 + 10*a - a - 115 - 2*a**2 + 134 + 5*a. Determine t(-9).
55
Suppose 25*l = 9 - 84. Let m be (-322)/(-138) + l*(-4)/18. Let c(a) = -a**2 + 2*a + 4. Determine c(m).
1
Let d(k) = 2*k**2 + 6*k + 14. Let i = 4867 - 4872. Determine d(i).
34
Let y(t) be the second derivative of -t**5/20 - t**4/3 + t**3 + 15*t**2/2 - 1257*t + 1. Determine y(-4).
-9
Suppose -i + 0*i = 10. Let c(w) = -w - 149. Let p(h) = -5*h - 899. Let a(s) = -6*c(s) + p(s). Calculate a(i).
-15
Let u(l) = 49*l - 19. Let a(t) = 32*t - 13. Let z(j) = 8*a(j) - 5*u(j). Let g(b) = 5*b - 5. Let h(x) = 7*g(x) - 4*z(x). What is h(2)?
-17
Let x(g) = -7*g**3 + 15*g**2 + 11*g + 9. Let c(i) = -14*i**3 + 32*i**2 + 22*i + 20. Let o(r) = -9*c(r) + 19*x(r). Give o(2).
-55
Let b be (5 + 5 + 2 - 5) + -4. Let m(d) = 3*d - 8 - 5*d + b*d. Give m(9).
1
Let i(d) be the second derivative of d**3/6 - 13*d**2/2 + 4*d + 2. Let s(x) = -3*x**2 - 18*x + 5. Let a be s(-6). Determine i(a).
-8
Let b(d) be the first derivative of d**3/3 - d**2 - d - 3033. Suppose y - 3*x + 3 = -2*y, y + 5*x + 19 = 0. Give b(y).
23
Let n(u) = -13*u. Let p(h) = 59*h + 3. Let a(k) = -3*n(k) - p(k). Calculate a(-3).
57
Suppose 0 = 133*w - 131*w - 3680. Let y(x) = -x**3 - 926*x**2 + w*x**2 + x - 917*x**2. Calculate y(-3).
-3
Let m(t) = -13*t**2 + 5*t**2 + 2*t**3 - t - 1 - 4*t**3 + 9*t**2. Let z(o) = -o**2 + 8*o + 8. Let d be ((-18)/30)/(2/(-30)). Let p be z(d). Determine m(p).
3
Let z(w) be the first derivative of -33*w - 42 - 5/2*w**2. What is z(-7)?
2
Let k(q) = -10*q**3 + 67*q**2 - 44*q - 135. Let m(p) = -7*p**3 + 45*p**2 - 29*p - 90. Let s(u) = 5*k(u) - 7*m(u). Calculate s(19).
-7
Let z be (85/(-51) - (-2)/3)*3. Let d(s) = -17*s**2 + 1. Let n(t) = 17*t**2 - 1. Let a(h) = z*n(h) - 4*d(h). Give a(1).
16
Let z(a) be the second derivative of -a**4/12 - 7*a**3/6 - 3*a**2/2 + a. Let o(d) be the first derivative of -2*d**3 - d + 31. Let b be o(1). Determine z(b).
-3
Let d(a) = a**2 + 5*a - 14. Suppose 85 = -100*s - 108*s - 1787. What is d(s)?
22
Let u(n) be the third derivative of -8*n**5/15 - n**4/8 + n**3/3 + 10*n**2 + 97*n. What is u(1)?
-33
Let u(z) = -z + 14. Let b(w) = 2*w + 42. Let i = -81 - -61. Let p be b(i). Suppose 0 = 6*k + 2*k - p*k. Calculate u(k).
14
Let g(f) = -f**3 + 18*f**2 - 48*f - 26. Let x be g(14). Suppose 17*d + 33 = -x. Let c(y) = y**3 + 8*y**2 + 6*y + 4. Determine c(d).
11
Let j(k) = 3*k + 2. Let n be j(1). Suppose -2*z - 5*a - 40 = -185, -n*z + 5*a = -345. Let o(d) = 1 - 69*d + z*d - 2. Give o(5).
4
Let s(v) = 16*v - 5. Let u(a) be the first derivative of 3*a**2/2 + 84. Let i(k) = s(k) - 4*u(k). What is i(-8)?
-37
Let x be (0 + 5)/(3/3). Let p(v) = 1 + 124*v + x - 119*v + 2*v**2. What is p(-4)?
18
Suppose -3*l + m - 18 = 0, 24 = -4*l - m - 7. Let f(d) = -d**2 - 2*d - 3. Determine f(l).
-38
Let u(y) = -y**2 - 731*y - 4349. Let g be u(-6). Let q(m) = m**2 + m. Let a be q(-1). Let x(b) = b + b + a*b. Give x(g).
2
Let k(p) = 20*p**2 - 88*p + 17. Let i(q) = -6*q**2 + 25*q - 5. Let c(z) = 14*i(z) + 4*k(z). Calculate c(-1).
-4
Let g(t) = 128*t**3 + 16*t + 180 + 130*t**3 - 202 - 15*t**2 - 257*t**3. Give g(14).
6
Let g(r) = -126*r + 27. Let y(q) = 106*q - 28. Let n(b) = 5*g(b) + 6*y(b). Calculate n(9).
21
Let b(z) = 2*z - 3. Let i = -207 - -187. Let n be 52/(-9) + i/90. Calculate b(n).
-15
Let z be 1/1 - (0 + -1). Let i(n) be the first derivative of -n**4/2 + 2*n**3/3 + 3*n**2/2 - 2*n + 21904. Give i(z).
-4
Let t(m) be the third derivative of -m**6/120 + m**5/15 - m**4/6 - m**3/3 - 2600*m**2 + 2*m. What is t(4)?
-18
Let k = -29 - -29. Let d(o) = -o**3 + o**2 - 2*o + 5. Let s be d(k). Let l be ((-2)/s)/(5/75). Let u(w) = w**2 + 6*w + 4. What is u(l)?
4
Let h(n) be the second derivative of -n**4/12 - n**3/3 + 3*n**2 + 58*n. Let o = 28 - 25. Suppose -31 = 5*k - 2*y, 3*k = -k + o*y - 29. Give h(k).
-9
Let x(p) = 5*p**2 + 7*p - 1. Let d(g) be the third derivative of g**5/20 + g**4/6 - 2*g**2 - 21. Let y(o) = -7*d(o) + 4*x(o). What is y(-4)?
-20
Suppose -2933 = -4*a - 5*d, 5*a - 2220 = 2*a + 3*d. Let w = -744 + a. Let h(l) = -l**3 - 8*l**2 - 8*l + 8. Determine h(w).
15
Suppose -9*y = -18 - 27. Let j(k) = -18 + 9 - y*k**2 + 4*k**2 + 13 + 6*k. Determine j(6).
4
Let m(c) = 2*c**2 - 7*c + 2. Let r(b) = -3*b**2 + 14*b - 4. Suppose -8*a + 4*a = 28. Let j(p) = a*m(p) - 4*r(p). Let u = 1798 + -1803. Determine j(u).
-13
Let k(t) = t**3 - 16*t**2 + 4*t - 73. Suppose 152*h = 128*h + 384. Calculate k(h).
-9
Let l(s) = 5*s**2 - s**3 - 10*s**2 + 5 + 6*s**2 + 2*s**2 + 3*s**2 - 3*s. Give l(5).
15
Suppose 515 - 495 = 10*f. Let x(i) = -5*i + f*i - 10*i**2 + 2*i**2 + 3 - i**3. Calculate x(-8).
27
Let u(y) = y**3 - 26*y**2 - 27*y + 2. Let t be u(27). Suppose 2*x = 2*m + 16, -3*m - t*x = -7*m - 24. Let l(s) = s**3 + 5*s**2 - 2*s + 5. What is l(m)?
29
Let f(y) = -4 + 3*y + 4*y**2 + 0 - 2*y**2. Suppose -2*i + 3*m + 34 = 0, 0 = 5*i - 0*m + 3*m - 106. Suppose -31 = i*u + 49. Calculate f(u).
16
Let r(q) be the third derivative of 1/60*q**5 + 0 - 3/8*q**4 + 0*q + 53*q**2 + 4/3*q**3. Give r(6).
-10
Let b(o) be the first derivative of o**3/3 + o**2 + 297*o + 293. Let g(x) be the first derivative of b(x). What is g(-4)?
-6
Let q(l) = -2*l - 2. Let c be -6*((-12)/28)/((-81)/315). What is q(c)?
18
Let j(v) = v**3 - 6*v**2 + 4. Let b = -535 - -579. Let f(l) = -l + 50. Let d be f(b). Give j(d).
4
Let f(q) = -13*q**3 + 14*q**2 - 8*q + 1. Let s(a) = 37*a**3 - 41*a**2 + 24*a - 2. Let n = 263 - 269. Let z(o) = n*s(o) - 17*f(o). Calculate z(7).
-12
Let g(s) = -10*s**2 - 11*s**2 - 28*s**2 + 4*s - 40 + 4 + 57*s**2 - s**3. Determine g(8).
-4
Let n(g) be the third derivative of g**5/15 - 11*g**4/24 + 5*g**3/2 + 138*g**2. Let v(w) = 2*w**2 - 6*w + 7. Let f(z) = -2*n(z) + 5*v(z). What is f(6)?
29
Let g be 11/(-4) + 2/(-8). Let r(y) be the second derivative of 1/2*y**2 + 1/6*y**4 + 0 - 93*y + 1/3*y**3. Give r(g).
13
Let i(t) = -t**3 + 12*t**2 - 20*t + 14. Let q be i(10). Let j(y) = 13 - q - 2 + 8*y. Determine j(4).
29
Let g(k) = 17*k - 57 + 9*k + 131 + 0*k. Calculate g(-3).
-4
Let b(g) = 93. Let x(l) = 4*l - 88. Let c(u) = 3*b(u) + 2*x(u). Determine c(-12).
7
Let f(b) = -b**3 - 4*b**2 - 1. Let y = 201 + -194. Suppose -